{"id":601,"date":"2019-08-11T01:17:12","date_gmt":"2019-08-11T01:17:12","guid":{"rendered":"https:\/\/hme.lu\/hme\/?page_id=601"},"modified":"2022-11-03T06:02:37","modified_gmt":"2022-11-03T06:02:37","slug":"dirigent","status":"publish","type":"page","link":"https:\/\/hme.lu\/hme\/dirigent\/","title":{"rendered":"Dirigent"},"content":{"rendered":"\t\t<div data-elementor-type=\"wp-post\" data-elementor-id=\"601\" class=\"elementor elementor-601\">\n\t\t\t\t\t\t<section class=\"elementor-section elementor-top-section elementor-element elementor-element-5050de38 elementor-section-content-middle elementor-section-boxed elementor-section-height-default elementor-section-height-default\" data-id=\"5050de38\" data-element_type=\"section\" data-settings=\"{&quot;background_background&quot;:&quot;classic&quot;}\">\n\t\t\t\t\t\t\t<div class=\"elementor-background-overlay\"><\/div>\n\t\t\t\t\t\t\t<div class=\"elementor-container elementor-column-gap-no\">\n\t\t\t\t\t<div class=\"elementor-column elementor-col-100 elementor-top-column elementor-element elementor-element-6a2fa5ba\" data-id=\"6a2fa5ba\" data-element_type=\"column\">\n\t\t\t<div class=\"elementor-widget-wrap elementor-element-populated\">\n\t\t\t\t\t\t<div class=\"elementor-element elementor-element-4c32637e elementor-widget elementor-widget-heading\" data-id=\"4c32637e\" data-element_type=\"widget\" data-widget_type=\"heading.default\">\n\t\t\t\t<div class=\"elementor-widget-container\">\n\t\t\t<h1 class=\"elementor-heading-title elementor-size-default\">Eisen Dirigent<\/h1>\t\t<\/div>\n\t\t\t\t<\/div>\n\t\t\t\t\t<\/div>\n\t\t<\/div>\n\t\t\t\t\t<\/div>\n\t\t<\/section>\n\t\t\t\t<section class=\"elementor-section elementor-top-section elementor-element elementor-element-d55243 elementor-section-content-top elementor-section-boxed elementor-section-height-default elementor-section-height-default\" data-id=\"d55243\" data-element_type=\"section\">\n\t\t\t\t\t\t<div class=\"elementor-container elementor-column-gap-no\">\n\t\t\t\t\t<div class=\"elementor-column elementor-col-33 elementor-top-column elementor-element elementor-element-2c03d3e7\" data-id=\"2c03d3e7\" data-element_type=\"column\">\n\t\t\t<div class=\"elementor-widget-wrap elementor-element-populated\">\n\t\t\t\t\t\t<div class=\"elementor-element elementor-element-8f63ea5 elementor-widget elementor-widget-image\" data-id=\"8f63ea5\" data-element_type=\"widget\" data-widget_type=\"image.default\">\n\t\t\t\t<div class=\"elementor-widget-container\">\n\t\t\t\t\t\t\t\t\t\t\t\t\t<img fetchpriority=\"high\" decoding=\"async\" width=\"1024\" height=\"930\" src=\"https:\/\/hme.lu\/hme\/wp-content\/uploads\/2022\/11\/Tim-3-1024x930.jpeg\" class=\"attachment-large size-large wp-image-2573\" alt=\"\" srcset=\"https:\/\/hme.lu\/hme\/wp-content\/uploads\/2022\/11\/Tim-3-1024x930.jpeg 1024w, https:\/\/hme.lu\/hme\/wp-content\/uploads\/2022\/11\/Tim-3-300x272.jpeg 300w, https:\/\/hme.lu\/hme\/wp-content\/uploads\/2022\/11\/Tim-3-768x697.jpeg 768w, https:\/\/hme.lu\/hme\/wp-content\/uploads\/2022\/11\/Tim-3-1536x1394.jpeg 1536w, https:\/\/hme.lu\/hme\/wp-content\/uploads\/2022\/11\/Tim-3.jpeg 1735w\" sizes=\"(max-width: 1024px) 100vw, 1024px\" \/>\t\t\t\t\t\t\t\t\t\t\t\t\t<\/div>\n\t\t\t\t<\/div>\n\t\t\t\t\t<\/div>\n\t\t<\/div>\n\t\t\t\t<div class=\"elementor-column elementor-col-66 elementor-top-column elementor-element elementor-element-51e7a89f\" data-id=\"51e7a89f\" data-element_type=\"column\">\n\t\t\t<div class=\"elementor-widget-wrap elementor-element-populated\">\n\t\t\t\t\t\t<div class=\"elementor-element elementor-element-5e453ffe elementor-widget elementor-widget-heading\" data-id=\"5e453ffe\" data-element_type=\"widget\" data-widget_type=\"heading.default\">\n\t\t\t\t<div class=\"elementor-widget-container\">\n\t\t\t<h5 class=\"elementor-heading-title elementor-size-default\">Eise Chef<\/h5>\t\t<\/div>\n\t\t\t\t<\/div>\n\t\t\t\t<div class=\"elementor-element elementor-element-79b87489 elementor-widget elementor-widget-heading\" data-id=\"79b87489\" data-element_type=\"widget\" data-widget_type=\"heading.default\">\n\t\t\t\t<div class=\"elementor-widget-container\">\n\t\t\t<h2 class=\"elementor-heading-title elementor-size-default\">Tim Kleren<\/h2>\t\t<\/div>\n\t\t\t\t<\/div>\n\t\t\t\t<div class=\"elementor-element elementor-element-211639ec elementor-widget elementor-widget-text-editor\" data-id=\"211639ec\" data-element_type=\"widget\" data-widget_type=\"text-editor.default\">\n\t\t\t\t<div class=\"elementor-widget-container\">\n\t\t\t\t\t\t\t<p>Den Tim Kleren (Jo\u00ebrgang 1982), ass ee Perkussionist, Batteur, Charg\u00e9 de musique, Dirigent\u00a0a Komponist aus L\u00ebtzebuerg.<\/p><p>Ugefaangen\u00a0huet seng musikalesch Ausbildung an der P\u00e9itenger Museksschoul, am Escher Conservatoire\u00a0a sp\u00e9iderhin och am\u00a0Stater Conservatoire. Proffen ew\u00e9i: Paul Mootz, Serge Kettenmeyer, Alain Ginter, Carlo Jans oder Marco P\u00fctz hunn hien op sengem Wee begleet.<\/p><p>Nieft\u00a0senger\u00a0professioneller Instrumentalausbildung och zu Maastricht, (mat de\u00a0Proffe Werner Otten\u00a0a Peter Janssen, Ron\u00a0van Statum), an den\u00a0obligatoreschen Niewef\u00e4cher (\u00ebnnert\u00a0anerem mam: Jan Ezendam, Rik Bastiaens an H\u00e4r Hendrix)\u00a0 huet hien sech och an der Orchesterdirektioun \u00ebnnert der Leedung vum\u00a0renomm\u00e9ierte Prof. Jan Cober weidergebilt.<\/p><p>Hien konnt 2014\u00a0s\u00e4i Bachelor, respektiv 2016 s\u00e4in Master-Diplom an der Harmonie-Fanfare-Brassband Direktioun (Hafabra-directie)\u00a0mat <em>bravur<\/em> ofschl\u00e9issen.<\/p><p>W\u00e4rend\u00a0senger Studienz\u00e4it,\u00a0hat hien och d&#8217;Chance, en Abl\u00e9ck, an den\u00a0z\u00e4itgen\u00ebssesche Kompositiounscours vum Komponist\u00a0a Professer Robert HP. Platz, ze kr\u00e9ien. An d\u00ebsem Kader hat hien d\u2018M\u00e9iglechkeet \u00a0mam dem &#8222;Ensemble 88&#8220; vu Maastricht zesummenzeschaffen.<\/p><div><p>Nieft\u00a0sengem\u00a0Haaptberuff als\u00a0Milit\u00e4rmuseker g\u00ebtt hien och Batteri- an Percussionscoursen.<\/p><\/div><p>2006 huet den Tim Kleren, nodeems hien d\u00e9i musikalesch Leitung vun sengem \u00e9ischten\u00a0Orchester iwwerholl hat an keen passend Wierk fir des Besetzung fonnt huet,\u00a0s\u00e4in \u00e9ischt Wierk fir\u00a0Orchester geschriwwen.\u00a0S\u00e4itdeem schafft hien\u00a0mat verschidden ausl\u00e4nneschen Verlee\u00ebn ew\u00e9i <em>Bronsheimmusic<\/em>, <em>Starmusicpublishing<\/em> an <em>Sonolize<\/em> zesummen.\u00a0S\u00e4itdeem huet hien m\u00e9i ew\u00e9i 40 St\u00e9cker fir Ensembel, Fanfare, Brass Band an Bloosorchester kompon\u00e9iert.<\/p><p>\u00cbnnert anerem gi seng Wierker och professionell, zu L\u00ebtzebuerg (Milit\u00e4rmusek), an der Belsch (Force A\u00e9rienne), Holland (EUYWO, Fanfare de Hoop-Stellendam), D\u00e4itschland, Portugal, Singapur (Air Force Band) an elo och zu Tokyo (Air Force Band) gespillt.<\/p><p>An der Orchesterleedung konnt hien bis elo\u00a0Erfarung \u00ebnnert\u00a0anerem bei der Soci\u00e9t\u00e9 Philharmonique Larochette, der Greiveld\u00e9nger Musik, der Ouljer Musik (interim), der Berdorfer Musik (interim),der Foulschter Musik (2012-2019), der Musek Concordia Rosport (2010-2022) an der Menster\u00a0Musek (2019-haut) sammelen.<\/p><p>Och am Ausland ass hien als Gaaschtdirigent an Komponist aktiv. \u00cbnnert aanerem s\u00e4it 2016 beim EVEA-Orchester.\u00a0Ausserdeem war hien 2019 Gaaschtdirigent bei der &#8222;Banda Musical S\u00e3o Martinho&#8220; vu Valongo a Portugal.<\/p>\t\t\t\t\t\t<\/div>\n\t\t\t\t<\/div>\n\t\t\t\t<div class=\"elementor-element elementor-element-706bd118 elementor-widget elementor-widget-text-editor\" data-id=\"706bd118\" data-element_type=\"widget\" data-widget_type=\"text-editor.default\">\n\t\t\t\t<div class=\"elementor-widget-container\">\n\t\t\t\t\t\t\t\t\t\t\t\t\t<\/div>\n\t\t\t\t<\/div>\n\t\t\t\t\t<\/div>\n\t\t<\/div>\n\t\t\t\t\t<\/div>\n\t\t<\/section>\n\t\t\t\t<\/div>\n\t\t","protected":false},"excerpt":{"rendered":"<p>Eisen Dirigent Eise Chef Tim Kleren Den Tim Kleren (Jo\u00ebrgang 1982), ass ee Perkussionist, Batteur, Charg\u00e9 de musique, Dirigent\u00a0a Komponist aus L\u00ebtzebuerg. Ugefaangen\u00a0huet seng musikalesch Ausbildung an der P\u00e9itenger Museksschoul, am Escher Conservatoire\u00a0a sp\u00e9iderhin och am\u00a0Stater Conservatoire. Proffen ew\u00e9i: Paul Mootz, Serge Kettenmeyer, Alain Ginter, Carlo Jans oder Marco P\u00fctz hunn hien op sengem Wee &hellip;<\/p>\n<p class=\"read-more\"> <a class=\"\" href=\"https:\/\/hme.lu\/hme\/dirigent\/\"> <span class=\"screen-reader-text\">Dirigent<\/span> Weiterlesen &raquo;<\/a><\/p>\n","protected":false},"author":1,"featured_media":0,"parent":0,"menu_order":0,"comment_status":"closed","ping_status":"closed","template":"","meta":{"_uag_custom_page_level_css":"","site-sidebar-layout":"no-sidebar","site-content-layout":"page-builder","ast-global-header-display":"","ast-main-header-display":"","ast-hfb-above-header-display":"","ast-hfb-below-header-display":"","ast-hfb-mobile-header-display":"","site-post-title":"disabled","ast-breadcrumbs-content":"","ast-featured-img":"disabled","footer-sml-layout":"","theme-transparent-header-meta":"default","adv-header-id-meta":"","stick-header-meta":"","header-above-stick-meta":"","header-main-stick-meta":"","header-below-stick-meta":"","footnotes":""},"class_list":["post-601","page","type-page","status-publish","hentry"],"uagb_featured_image_src":{"full":false,"thumbnail":false,"medium":false,"medium_large":false,"large":false,"1536x1536":false,"2048x2048":false},"uagb_author_info":{"display_name":"adminjo","author_link":"https:\/\/hme.lu\/hme\/blog\/author\/adminjo\/"},"uagb_comment_info":0,"uagb_excerpt":"Eisen Dirigent Eise Chef Tim Kleren Den Tim Kleren (Jo\u00ebrgang 1982), ass ee Perkussionist, Batteur, Charg\u00e9 de musique, Dirigent\u00a0a Komponist aus L\u00ebtzebuerg. Ugefaangen\u00a0huet seng musikalesch Ausbildung an der P\u00e9itenger Museksschoul, am Escher Conservatoire\u00a0a sp\u00e9iderhin och am\u00a0Stater Conservatoire. Proffen ew\u00e9i: Paul Mootz, Serge Kettenmeyer, Alain Ginter, Carlo Jans oder Marco P\u00fctz hunn hien op sengem Wee&hellip;","_links":{"self":[{"href":"https:\/\/hme.lu\/hme\/wp-json\/wp\/v2\/pages\/601","targetHints":{"allow":["GET"]}}],"collection":[{"href":"https:\/\/hme.lu\/hme\/wp-json\/wp\/v2\/pages"}],"about":[{"href":"https:\/\/hme.lu\/hme\/wp-json\/wp\/v2\/types\/page"}],"author":[{"embeddable":true,"href":"https:\/\/hme.lu\/hme\/wp-json\/wp\/v2\/users\/1"}],"replies":[{"embeddable":true,"href":"https:\/\/hme.lu\/hme\/wp-json\/wp\/v2\/comments?post=601"}],"version-history":[{"count":27,"href":"https:\/\/hme.lu\/hme\/wp-json\/wp\/v2\/pages\/601\/revisions"}],"predecessor-version":[{"id":2592,"href":"https:\/\/hme.lu\/hme\/wp-json\/wp\/v2\/pages\/601\/revisions\/2592"}],"wp:attachment":[{"href":"https:\/\/hme.lu\/hme\/wp-json\/wp\/v2\/media?parent=601"}],"curies":[{"name":"wp","href":"https:\/\/api.w.org\/{rel}","templated":true}]}}

<div data-elementor-type="wp-post" data-elementor-id="601" class="elementor elementor-601">
						<section class="elementor-section elementor-top-section elementor-element elementor-element-5050de38 elementor-section-content-middle elementor-section-boxed elementor-section-height-default elementor-section-height-default" data-id="5050de38" data-element_type="section" data-settings="{&quot;background_background&quot;:&quot;classic&quot;}">
							<div class="elementor-background-overlay"></div>
							<div class="elementor-container elementor-column-gap-no">
					<div class="elementor-column elementor-col-100 elementor-top-column elementor-element elementor-element-6a2fa5ba" data-id="6a2fa5ba" data-element_type="column">
			<div class="elementor-widget-wrap elementor-element-populated">
						<div class="elementor-element elementor-element-4c32637e elementor-widget elementor-widget-heading" data-id="4c32637e" data-element_type="widget" data-widget_type="heading.default">
				<div class="elementor-widget-container">
			<h1 class="elementor-heading-title elementor-size-default">Eisen Dirigent</h1>		</div>
				</div>
					</div>
		</div>
					</div>
		</section>
				<section class="elementor-section elementor-top-section elementor-element elementor-element-d55243 elementor-section-content-top elementor-section-boxed elementor-section-height-default elementor-section-height-default" data-id="d55243" data-element_type="section">
						<div class="elementor-container elementor-column-gap-no">
					<div class="elementor-column elementor-col-33 elementor-top-column elementor-element elementor-element-2c03d3e7" data-id="2c03d3e7" data-element_type="column">
			<div class="elementor-widget-wrap elementor-element-populated">
						<div class="elementor-element elementor-element-8f63ea5 elementor-widget elementor-widget-image" data-id="8f63ea5" data-element_type="widget" data-widget_type="image.default">
				<div class="elementor-widget-container">
													<img fetchpriority="high" decoding="async" width="1024" height="930" src="https://hme.lu/hme/wp-content/uploads/2022/11/Tim-3-1024x930.jpeg" class="attachment-large size-large wp-image-2573" alt="" srcset="https://hme.lu/hme/wp-content/uploads/2022/11/Tim-3-1024x930.jpeg 1024w, https://hme.lu/hme/wp-content/uploads/2022/11/Tim-3-300x272.jpeg 300w, https://hme.lu/hme/wp-content/uploads/2022/11/Tim-3-768x697.jpeg 768w, https://hme.lu/hme/wp-content/uploads/2022/11/Tim-3-1536x1394.jpeg 1536w, https://hme.lu/hme/wp-content/uploads/2022/11/Tim-3.jpeg 1735w" sizes="(max-width: 1024px) 100vw, 1024px" />													</div>
				</div>
					</div>
		</div>
				<div class="elementor-column elementor-col-66 elementor-top-column elementor-element elementor-element-51e7a89f" data-id="51e7a89f" data-element_type="column">
			<div class="elementor-widget-wrap elementor-element-populated">
						<div class="elementor-element elementor-element-5e453ffe elementor-widget elementor-widget-heading" data-id="5e453ffe" data-element_type="widget" data-widget_type="heading.default">
				<div class="elementor-widget-container">
			<h5 class="elementor-heading-title elementor-size-default">Eise Chef</h5>		</div>
				</div>
				<div class="elementor-element elementor-element-79b87489 elementor-widget elementor-widget-heading" data-id="79b87489" data-element_type="widget" data-widget_type="heading.default">
				<div class="elementor-widget-container">
			<h2 class="elementor-heading-title elementor-size-default">Tim Kleren</h2>		</div>
				</div>
				<div class="elementor-element elementor-element-211639ec elementor-widget elementor-widget-text-editor" data-id="211639ec" data-element_type="widget" data-widget_type="text-editor.default">
				<div class="elementor-widget-container">
							<p>Den Tim Kleren (Joërgang 1982), ass ee Perkussionist, Batteur, Chargé de musique, Dirigent a Komponist aus Lëtzebuerg.</p><p>Ugefaangen huet seng musikalesch Ausbildung an der Péitenger Museksschoul, am Escher Conservatoire a spéiderhin och am Stater Conservatoire. Proffen ewéi: Paul Mootz, Serge Kettenmeyer, Alain Ginter, Carlo Jans oder Marco Pütz hunn hien op sengem Wee begleet.</p><p>Nieft senger professioneller Instrumentalausbildung och zu Maastricht, (mat de Proffe Werner Otten a Peter Janssen, Ron van Statum), an den obligatoreschen Niewefächer (ënnert anerem mam: Jan Ezendam, Rik Bastiaens an Här Hendrix)  huet hien sech och an der Orchesterdirektioun ënnert der Leedung vum renomméierte Prof. Jan Cober weidergebilt.</p><p>Hien konnt 2014 säi Bachelor, respektiv 2016 säin Master-Diplom an der Harmonie-Fanfare-Brassband Direktioun (Hafabra-directie) mat <em>bravur</em> ofschléissen.</p><p>Wärend senger Studienzäit, hat hien och d&#8217;Chance, en Abléck, an den zäitgenëssesche Kompositiounscours vum Komponist a Professer Robert HP. Platz, ze kréien. An dësem Kader hat hien d‘Méiglechkeet  mam dem &#8222;Ensemble 88&#8220; vu Maastricht zesummenzeschaffen.</p><div><p>Nieft sengem Haaptberuff als Militärmuseker gëtt hien och Batteri- an Percussionscoursen.</p></div><p>2006 huet den Tim Kleren, nodeems hien déi musikalesch Leitung vun sengem éischten Orchester iwwerholl hat an keen passend Wierk fir des Besetzung fonnt huet, säin éischt Wierk fir Orchester geschriwwen. Säitdeem schafft hien mat verschidden auslänneschen Verleeën ewéi <em>Bronsheimmusic</em>, <em>Starmusicpublishing</em> an <em>Sonolize</em> zesummen. Säitdeem huet hien méi ewéi 40 Stécker fir Ensembel, Fanfare, Brass Band an Bloosorchester komponéiert.</p><p>Ënnert anerem gi seng Wierker och professionell, zu Lëtzebuerg (Militärmusek), an der Belsch (Force Aérienne), Holland (EUYWO, Fanfare de Hoop-Stellendam), Däitschland, Portugal, Singapur (Air Force Band) an elo och zu Tokyo (Air Force Band) gespillt.</p><p>An der Orchesterleedung konnt hien bis elo Erfarung ënnert anerem bei der Société Philharmonique Larochette, der Greiveldénger Musik, der Ouljer Musik (interim), der Berdorfer Musik (interim),der Foulschter Musik (2012-2019), der Musek Concordia Rosport (2010-2022) an der Menster Musek (2019-haut) sammelen.</p><p>Och am Ausland ass hien als Gaaschtdirigent an Komponist aktiv. Ënnert aanerem säit 2016 beim EVEA-Orchester. Ausserdeem war hien 2019 Gaaschtdirigent bei der &#8222;Banda Musical São Martinho&#8220; vu Valongo a Portugal.</p>						</div>
				</div>
				<div class="elementor-element elementor-element-706bd118 elementor-widget elementor-widget-text-editor" data-id="706bd118" data-element_type="widget" data-widget_type="text-editor.default">
				<div class="elementor-widget-container">
													</div>
				</div>
					</div>
		</div>
					</div>
		</section>
				</div>

<p>Eisen Dirigent Eise Chef Tim Kleren Den Tim Kleren (Joërgang 1982), ass ee Perkussionist, Batteur, Chargé de musique, Dirigent a Komponist aus Lëtzebuerg. Ugefaangen huet seng musikalesch Ausbildung an der Péitenger Museksschoul, am Escher Conservatoire a spéiderhin och am Stater Conservatoire. Proffen ewéi: Paul Mootz, Serge Kettenmeyer, Alain Ginter, Carlo Jans oder Marco Pütz hunn hien op sengem Wee &hellip;</p>
<p class="read-more"> <a class="" href="https://hme.lu/hme/dirigent/"> <span class="screen-reader-text">Dirigent</span> Weiterlesen &raquo;</a></p>

Eisen Dirigent Eise Chef Tim Kleren Den Tim Kleren (Joërgang 1982), ass ee Perkussionist, Batteur, Chargé de musique, Dirigent a Komponist aus Lëtzebuerg. Ugefaangen huet seng musikalesch Ausbildung an der Péitenger Museksschoul, am Escher Conservatoire a spéiderhin och am Stater Conservatoire. Proffen ewéi: Paul Mootz, Serge Kettenmeyer, Alain Ginter, Carlo Jans oder Marco Pütz hunn hien op sengem Wee&hellip;
